{"id":1133,"date":"2023-09-10T20:19:05","date_gmt":"2023-09-11T01:19:05","guid":{"rendered":"https:\/\/consultoracip.com\/?page_id=1133"},"modified":"2023-09-13T22:33:10","modified_gmt":"2023-09-14T03:33:10","slug":"ventas-y-arriendos","status":"publish","type":"page","link":"https:\/\/consultoracip.com\/index.php\/home\/ventas-y-arriendos","title":{"rendered":"Ventas y arriendos"},"content":{"rendered":"\t\t<div data-elementor-type=\"wp-post\" data-elementor-id=\"1133\" class=\"elementor elementor-1133\">\n\t\t\t\t\t\t\t\t\t<section class=\"elementor-section elementor-top-section elementor-element elementor-element-8dc906e elementor-section-full_width elementor-section-height-default elementor-section-height-default\" data-id=\"8dc906e\" data-element_type=\"section\">\n\t\t\t\t\t\t<div class=\"elementor-container elementor-column-gap-no\">\n\t\t\t\t\t<div class=\"elementor-column elementor-col-100 elementor-top-column elementor-element elementor-element-793551b\" data-id=\"793551b\" data-element_type=\"column\">\n\t\t\t<div class=\"elementor-widget-wrap elementor-element-populated\">\n\t\t\t\t\t\t\t\t<div class=\"elementor-element elementor-element-e02cd62 elementor-align-center elementor-widget elementor-widget-bdevs-header\" data-id=\"e02cd62\" data-element_type=\"widget\" data-widget_type=\"bdevs-header.default\">\n\t\t\t\t<div class=\"elementor-widget-container\">\n\t\t\t\r\n\r\n\t\t\t\t\t<section class=\"breadcrumb-area d-flex align-items-center\" style=\"background-image:url(http:\/\/shtheme.org\/demosd\/relxtower\/wp-content\/uploads\/2020\/03\/test-bg.jpg)\">\r\n\t\t  \r\n                <div class=\"container\">\r\n                    <div class=\"row\">\r\n                        <div class=\"col-xl-6 offset-xl-3 col-lg-8 offset-lg-2\">\r\n                            <div class=\"breadcrumb-wrap text-center\">\r\n                                <div class=\"breadcrumb-title mb-30\">\r\n                                \t                                    <h2>Ventas y arriendos<\/h2> \r\n                                                                       \r\n                                <\/div>\r\n                                <nav aria-label=\"breadcrumb\">\r\n                                    <ol class=\"breadcrumb\">\r\n                                    \t                                        <li class=\"breadcrumb-item\"><a href=\"https:\/\/consultoracip.com\/\">Servicios<\/a><\/li>\r\n                                                                                                                        <li class=\"breadcrumb-item active\" aria-current=\"page\">Ventas y arriendos<\/li>\r\n                                                                            <\/ol>\r\n                                <\/nav>\r\n                            <\/div>\r\n                        <\/div>\r\n                    <\/div>\r\n                <\/div>\r\n            <\/section>\r\n\t\t\t<\/div>\n\t\t\t\t<\/div>\n\t\t\t\t\t<\/div>\n\t\t<\/div>\n\t\t\t\t\t\t\t<\/div>\n\t\t<\/section>\n\t\t\t\t<section class=\"elementor-section elementor-top-section elementor-element elementor-element-08dd7ce elementor-section-full_width elementor-section-height-min-height elementor-section-height-default elementor-section-items-middle\" data-id=\"08dd7ce\" data-element_type=\"section\">\n\t\t\t\t\t\t<div class=\"elementor-container elementor-column-gap-default\">\n\t\t\t\t\t<div class=\"elementor-column elementor-col-100 elementor-top-column elementor-element elementor-element-4c6978e\" data-id=\"4c6978e\" data-element_type=\"column\">\n\t\t\t<div class=\"elementor-widget-wrap elementor-element-populated\">\n\t\t\t\t\t\t\t\t<div class=\"elementor-element elementor-element-eb69723 elementor-shape-rounded elementor-grid-0 e-grid-align-center elementor-widget elementor-widget-social-icons\" data-id=\"eb69723\" data-element_type=\"widget\" data-widget_type=\"social-icons.default\">\n\t\t\t\t<div class=\"elementor-widget-container\">\n\t\t\t<style>\/*! elementor - v3.16.0 - 14-09-2023 *\/\n.elementor-widget-social-icons.elementor-grid-0 .elementor-widget-container,.elementor-widget-social-icons.elementor-grid-mobile-0 .elementor-widget-container,.elementor-widget-social-icons.elementor-grid-tablet-0 .elementor-widget-container{line-height:1;font-size:0}.elementor-widget-social-icons:not(.elementor-grid-0):not(.elementor-grid-tablet-0):not(.elementor-grid-mobile-0) .elementor-grid{display:inline-grid}.elementor-widget-social-icons .elementor-grid{grid-column-gap:var(--grid-column-gap,5px);grid-row-gap:var(--grid-row-gap,5px);grid-template-columns:var(--grid-template-columns);justify-content:var(--justify-content,center);justify-items:var(--justify-content,center)}.elementor-icon.elementor-social-icon{font-size:var(--icon-size,25px);line-height:var(--icon-size,25px);width:calc(var(--icon-size, 25px) + (2 * var(--icon-padding, .5em)));height:calc(var(--icon-size, 25px) + (2 * var(--icon-padding, .5em)))}.elementor-social-icon{--e-social-icon-icon-color:#fff;display:inline-flex;background-color:#69727d;align-items:center;justify-content:center;text-align:center;cursor:pointer}.elementor-social-icon i{color:var(--e-social-icon-icon-color)}.elementor-social-icon svg{fill:var(--e-social-icon-icon-color)}.elementor-social-icon:last-child{margin:0}.elementor-social-icon:hover{opacity:.9;color:#fff}.elementor-social-icon-android{background-color:#a4c639}.elementor-social-icon-apple{background-color:#999}.elementor-social-icon-behance{background-color:#1769ff}.elementor-social-icon-bitbucket{background-color:#205081}.elementor-social-icon-codepen{background-color:#000}.elementor-social-icon-delicious{background-color:#39f}.elementor-social-icon-deviantart{background-color:#05cc47}.elementor-social-icon-digg{background-color:#005be2}.elementor-social-icon-dribbble{background-color:#ea4c89}.elementor-social-icon-elementor{background-color:#d30c5c}.elementor-social-icon-envelope{background-color:#ea4335}.elementor-social-icon-facebook,.elementor-social-icon-facebook-f{background-color:#3b5998}.elementor-social-icon-flickr{background-color:#0063dc}.elementor-social-icon-foursquare{background-color:#2d5be3}.elementor-social-icon-free-code-camp,.elementor-social-icon-freecodecamp{background-color:#006400}.elementor-social-icon-github{background-color:#333}.elementor-social-icon-gitlab{background-color:#e24329}.elementor-social-icon-globe{background-color:#69727d}.elementor-social-icon-google-plus,.elementor-social-icon-google-plus-g{background-color:#dd4b39}.elementor-social-icon-houzz{background-color:#7ac142}.elementor-social-icon-instagram{background-color:#262626}.elementor-social-icon-jsfiddle{background-color:#487aa2}.elementor-social-icon-link{background-color:#818a91}.elementor-social-icon-linkedin,.elementor-social-icon-linkedin-in{background-color:#0077b5}.elementor-social-icon-medium{background-color:#00ab6b}.elementor-social-icon-meetup{background-color:#ec1c40}.elementor-social-icon-mixcloud{background-color:#273a4b}.elementor-social-icon-odnoklassniki{background-color:#f4731c}.elementor-social-icon-pinterest{background-color:#bd081c}.elementor-social-icon-product-hunt{background-color:#da552f}.elementor-social-icon-reddit{background-color:#ff4500}.elementor-social-icon-rss{background-color:#f26522}.elementor-social-icon-shopping-cart{background-color:#4caf50}.elementor-social-icon-skype{background-color:#00aff0}.elementor-social-icon-slideshare{background-color:#0077b5}.elementor-social-icon-snapchat{background-color:#fffc00}.elementor-social-icon-soundcloud{background-color:#f80}.elementor-social-icon-spotify{background-color:#2ebd59}.elementor-social-icon-stack-overflow{background-color:#fe7a15}.elementor-social-icon-steam{background-color:#00adee}.elementor-social-icon-stumbleupon{background-color:#eb4924}.elementor-social-icon-telegram{background-color:#2ca5e0}.elementor-social-icon-thumb-tack{background-color:#1aa1d8}.elementor-social-icon-tripadvisor{background-color:#589442}.elementor-social-icon-tumblr{background-color:#35465c}.elementor-social-icon-twitch{background-color:#6441a5}.elementor-social-icon-twitter{background-color:#1da1f2}.elementor-social-icon-viber{background-color:#665cac}.elementor-social-icon-vimeo{background-color:#1ab7ea}.elementor-social-icon-vk{background-color:#45668e}.elementor-social-icon-weibo{background-color:#dd2430}.elementor-social-icon-weixin{background-color:#31a918}.elementor-social-icon-whatsapp{background-color:#25d366}.elementor-social-icon-wordpress{background-color:#21759b}.elementor-social-icon-xing{background-color:#026466}.elementor-social-icon-yelp{background-color:#af0606}.elementor-social-icon-youtube{background-color:#cd201f}.elementor-social-icon-500px{background-color:#0099e5}.elementor-shape-rounded .elementor-icon.elementor-social-icon{border-radius:10%}.elementor-shape-circle .elementor-icon.elementor-social-icon{border-radius:50%}<\/style>\t\t<div class=\"elementor-social-icons-wrapper elementor-grid\">\n\t\t\t\t\t\t\t<span class=\"elementor-grid-item\">\n\t\t\t\t\t<a class=\"elementor-icon elementor-social-icon elementor-social-icon-instagram elementor-repeater-item-37d5618\" href=\"https:\/\/instagram.com\/consultoracip?igshid=MzRlODBiNWFlZA==\" target=\"_blank\">\n\t\t\t\t\t\t<span class=\"elementor-screen-only\">Instagram<\/span>\n\t\t\t\t\t\t<i class=\"fab fa-instagram\"><\/i>\t\t\t\t\t<\/a>\n\t\t\t\t<\/span>\n\t\t\t\t\t<\/div>\n\t\t\t\t<\/div>\n\t\t\t\t<\/div>\n\t\t\t\t\t<\/div>\n\t\t<\/div>\n\t\t\t\t\t\t\t<\/div>\n\t\t<\/section>\n\t\t\t\t<section class=\"elementor-section elementor-top-section elementor-element elementor-element-f511926 elementor-section-full_width elementor-section-height-min-height elementor-section-height-default elementor-section-items-middle\" data-id=\"f511926\" data-element_type=\"section\">\n\t\t\t\t\t\t<div class=\"elementor-container elementor-column-gap-default\">\n\t\t\t\t\t<div class=\"elementor-column elementor-col-100 elementor-top-column elementor-element elementor-element-4bb2cf0\" data-id=\"4bb2cf0\" data-element_type=\"column\">\n\t\t\t<div class=\"elementor-widget-wrap elementor-element-populated\">\n\t\t\t\t\t\t\t\t<section class=\"elementor-section elementor-inner-section elementor-element elementor-element-6788efa elementor-section-boxed elementor-section-height-default elementor-section-height-default\" data-id=\"6788efa\" data-element_type=\"section\">\n\t\t\t\t\t\t<div class=\"elementor-container elementor-column-gap-default\">\n\t\t\t\t\t<div class=\"elementor-column elementor-col-50 elementor-inner-column elementor-element elementor-element-d7cb4d6\" data-id=\"d7cb4d6\" data-element_type=\"column\">\n\t\t\t<div class=\"elementor-widget-wrap elementor-element-populated\">\n\t\t\t\t\t\t\t\t<div class=\"elementor-element elementor-element-aac02cf elementor-position-top elementor-widget elementor-widget-image-box\" data-id=\"aac02cf\" data-element_type=\"widget\" data-widget_type=\"image-box.default\">\n\t\t\t\t<div class=\"elementor-widget-container\">\n\t\t\t<style>\/*! elementor - v3.16.0 - 14-09-2023 *\/\n.elementor-widget-image-box .elementor-image-box-content{width:100%}@media (min-width:768px){.elementor-widget-image-box.elementor-position-left .elementor-image-box-wrapper,.elementor-widget-image-box.elementor-position-right .elementor-image-box-wrapper{display:flex}.elementor-widget-image-box.elementor-position-right .elementor-image-box-wrapper{text-align:right;flex-direction:row-reverse}.elementor-widget-image-box.elementor-position-left .elementor-image-box-wrapper{text-align:left;flex-direction:row}.elementor-widget-image-box.elementor-position-top .elementor-image-box-img{margin:auto}.elementor-widget-image-box.elementor-vertical-align-top .elementor-image-box-wrapper{align-items:flex-start}.elementor-widget-image-box.elementor-vertical-align-middle .elementor-image-box-wrapper{align-items:center}.elementor-widget-image-box.elementor-vertical-align-bottom .elementor-image-box-wrapper{align-items:flex-end}}@media (max-width:767px){.elementor-widget-image-box .elementor-image-box-img{margin-left:auto!important;margin-right:auto!important;margin-bottom:15px}}.elementor-widget-image-box .elementor-image-box-img{display:inline-block}.elementor-widget-image-box .elementor-image-box-title a{color:inherit}.elementor-widget-image-box .elementor-image-box-wrapper{text-align:center}.elementor-widget-image-box .elementor-image-box-description{margin:0}<\/style><div class=\"elementor-image-box-wrapper\"><figure class=\"elementor-image-box-img\"><a href=\"https:\/\/consultoracip.com\/index.php\/ventas-y-arriendos\/casas-en-el-rosal-cun\" target=\"_blank\" tabindex=\"-1\"><img loading=\"lazy\" decoding=\"async\" width=\"2560\" height=\"1922\" src=\"https:\/\/consultoracip.com\/wp-content\/uploads\/2023\/09\/IMG_20230329_151542-1-scaled.jpg\" class=\"attachment-full size-full wp-image-1165\" alt=\"casas en venta\" srcset=\"https:\/\/consultoracip.com\/wp-content\/uploads\/2023\/09\/IMG_20230329_151542-1-scaled.jpg 2560w, https:\/\/consultoracip.com\/wp-content\/uploads\/2023\/09\/IMG_20230329_151542-1-1024x769.jpg 1024w, https:\/\/consultoracip.com\/wp-content\/uploads\/2023\/09\/IMG_20230329_151542-1-768x577.jpg 768w, https:\/\/consultoracip.com\/wp-content\/uploads\/2023\/09\/IMG_20230329_151542-1-1536x1153.jpg 1536w, https:\/\/consultoracip.com\/wp-content\/uploads\/2023\/09\/IMG_20230329_151542-1-2048x1538.jpg 2048w, https:\/\/consultoracip.com\/wp-content\/uploads\/2023\/09\/IMG_20230329_151542-1-600x451.jpg 600w\" sizes=\"(max-width: 2560px) 100vw, 2560px\" \/><\/a><\/figure><div class=\"elementor-image-box-content\"><h3 class=\"elementor-image-box-title\"><a href=\"https:\/\/consultoracip.com\/index.php\/ventas-y-arriendos\/casas-en-el-rosal-cun\" target=\"_blank\">Venta de casa campestre <br>$1,076,000,000 <\/a><\/h3><p class=\"elementor-image-box-description\">Ubucaci\u00f3n: El rosal, Cundinamarca<br><\/p><\/div><\/div>\t\t<\/div>\n\t\t\t\t<\/div>\n\t\t\t\t<div class=\"elementor-element elementor-element-d5bca2f elementor-position-top elementor-widget elementor-widget-image-box\" data-id=\"d5bca2f\" data-element_type=\"widget\" data-widget_type=\"image-box.default\">\n\t\t\t\t<div class=\"elementor-widget-container\">\n\t\t\t<div class=\"elementor-image-box-wrapper\"><figure class=\"elementor-image-box-img\"><a href=\"https:\/\/consultoracip.com\/index.php\/aptofusagasuga\/\" target=\"_blank\" tabindex=\"-1\"><img loading=\"lazy\" decoding=\"async\" width=\"768\" height=\"1023\" src=\"https:\/\/consultoracip.com\/wp-content\/uploads\/2023\/09\/WhatsApp-Image-2023-09-11-at-9.39.34-AM-e1694453322937-768x1023.jpeg\" class=\"attachment-medium_large size-medium_large wp-image-1294\" alt=\"apartamentos en venta\" srcset=\"https:\/\/consultoracip.com\/wp-content\/uploads\/2023\/09\/WhatsApp-Image-2023-09-11-at-9.39.34-AM-e1694453322937-768x1023.jpeg 768w, https:\/\/consultoracip.com\/wp-content\/uploads\/2023\/09\/WhatsApp-Image-2023-09-11-at-9.39.34-AM-e1694453322937-600x800.jpeg 600w, https:\/\/consultoracip.com\/wp-content\/uploads\/2023\/09\/WhatsApp-Image-2023-09-11-at-9.39.34-AM-e1694453322937.jpeg 800w\" sizes=\"(max-width: 768px) 100vw, 768px\" \/><\/a><\/figure><div class=\"elementor-image-box-content\"><h3 class=\"elementor-image-box-title\"><a href=\"https:\/\/consultoracip.com\/index.php\/aptofusagasuga\/\" target=\"_blank\">Venta de apartamento <br>$320,000,000 <\/a><\/h3><p class=\"elementor-image-box-description\">Ubucaci\u00f3n: Fusagasug\u00e1, Cundinamarca<br><\/p><\/div><\/div>\t\t<\/div>\n\t\t\t\t<\/div>\n\t\t\t\t<div class=\"elementor-element elementor-element-555ef72 elementor-position-top elementor-widget elementor-widget-image-box\" data-id=\"555ef72\" data-element_type=\"widget\" data-widget_type=\"image-box.default\">\n\t\t\t\t<div class=\"elementor-widget-container\">\n\t\t\t<div class=\"elementor-image-box-wrapper\"><figure class=\"elementor-image-box-img\"><a href=\"https:\/\/consultoracip.com\/index.php\/home\/ventas-y-arriendos\/apartamentos-en-santander\" target=\"_blank\" tabindex=\"-1\"><img loading=\"lazy\" decoding=\"async\" width=\"768\" height=\"587\" src=\"https:\/\/consultoracip.com\/wp-content\/uploads\/2023\/09\/WhatsApp-Image-2023-09-13-at-9.49.41-PM-4-768x587.jpeg\" class=\"attachment-medium_large size-medium_large wp-image-1658\" alt=\"venta de apartamento en bucaramanga\" srcset=\"https:\/\/consultoracip.com\/wp-content\/uploads\/2023\/09\/WhatsApp-Image-2023-09-13-at-9.49.41-PM-4-768x587.jpeg 768w, https:\/\/consultoracip.com\/wp-content\/uploads\/2023\/09\/WhatsApp-Image-2023-09-13-at-9.49.41-PM-4-600x459.jpeg 600w, https:\/\/consultoracip.com\/wp-content\/uploads\/2023\/09\/WhatsApp-Image-2023-09-13-at-9.49.41-PM-4.jpeg 803w\" sizes=\"(max-width: 768px) 100vw, 768px\" \/><\/a><\/figure><div class=\"elementor-image-box-content\"><h3 class=\"elementor-image-box-title\"><a href=\"https:\/\/consultoracip.com\/index.php\/home\/ventas-y-arriendos\/apartamentos-en-santander\" target=\"_blank\">Venta de apartamento <br>$210,000,000 <\/a><\/h3><p class=\"elementor-image-box-description\">Ubucaci\u00f3n: Bucaramanga, Santander<br><\/p><\/div><\/div>\t\t<\/div>\n\t\t\t\t<\/div>\n\t\t\t\t\t<\/div>\n\t\t<\/div>\n\t\t\t\t<div class=\"elementor-column elementor-col-50 elementor-inner-column elementor-element elementor-element-e7fb415\" data-id=\"e7fb415\" data-element_type=\"column\">\n\t\t\t<div class=\"elementor-widget-wrap elementor-element-populated\">\n\t\t\t\t\t\t\t\t<div class=\"elementor-element elementor-element-11b0cae elementor-position-top elementor-widget elementor-widget-image-box\" data-id=\"11b0cae\" data-element_type=\"widget\" data-widget_type=\"image-box.default\">\n\t\t\t\t<div class=\"elementor-widget-container\">\n\t\t\t<div class=\"elementor-image-box-wrapper\"><figure class=\"elementor-image-box-img\"><a href=\"https:\/\/consultoracip.com\/index.php\/casasenlamesadelossantos\/\" tabindex=\"-1\"><img loading=\"lazy\" decoding=\"async\" width=\"1024\" height=\"768\" src=\"https:\/\/consultoracip.com\/wp-content\/uploads\/2023\/09\/WhatsApp-Image-2023-08-30-at-11.52.51-AM-1-3.jpeg\" class=\"attachment-full size-full wp-image-1448\" alt=\"casas en venta\" srcset=\"https:\/\/consultoracip.com\/wp-content\/uploads\/2023\/09\/WhatsApp-Image-2023-08-30-at-11.52.51-AM-1-3.jpeg 1024w, https:\/\/consultoracip.com\/wp-content\/uploads\/2023\/09\/WhatsApp-Image-2023-08-30-at-11.52.51-AM-1-3-768x576.jpeg 768w, https:\/\/consultoracip.com\/wp-content\/uploads\/2023\/09\/WhatsApp-Image-2023-08-30-at-11.52.51-AM-1-3-600x450.jpeg 600w\" sizes=\"(max-width: 1024px) 100vw, 1024px\" \/><\/a><\/figure><div class=\"elementor-image-box-content\"><h3 class=\"elementor-image-box-title\"><a href=\"https:\/\/consultoracip.com\/index.php\/casasenlamesadelossantos\/\">Venta casa de lujo campestre $2,500,000,000 <\/a><\/h3><p class=\"elementor-image-box-description\">Ubicaci\u00f3n: Mesa de los Santos, Santander.<\/p><\/div><\/div>\t\t<\/div>\n\t\t\t\t<\/div>\n\t\t\t\t<div class=\"elementor-element elementor-element-e355e68 elementor-position-top elementor-widget elementor-widget-image-box\" data-id=\"e355e68\" data-element_type=\"widget\" data-widget_type=\"image-box.default\">\n\t\t\t\t<div class=\"elementor-widget-container\">\n\t\t\t<div class=\"elementor-image-box-wrapper\"><figure class=\"elementor-image-box-img\"><a href=\"https:\/\/consultoracip.com\/index.php\/apartamentosenbogota\/\" tabindex=\"-1\"><img loading=\"lazy\" decoding=\"async\" width=\"800\" height=\"600\" src=\"https:\/\/consultoracip.com\/wp-content\/uploads\/2023\/09\/IMG_20230426_084516-scaled-e1694452911262.jpg\" class=\"attachment-full size-full wp-image-1332\" alt=\"apartamentos en venta\" srcset=\"https:\/\/consultoracip.com\/wp-content\/uploads\/2023\/09\/IMG_20230426_084516-scaled-e1694452911262.jpg 800w, https:\/\/consultoracip.com\/wp-content\/uploads\/2023\/09\/IMG_20230426_084516-scaled-e1694452911262-768x576.jpg 768w, https:\/\/consultoracip.com\/wp-content\/uploads\/2023\/09\/IMG_20230426_084516-scaled-e1694452911262-600x450.jpg 600w\" sizes=\"(max-width: 800px) 100vw, 800px\" \/><\/a><\/figure><div class=\"elementor-image-box-content\"><h3 class=\"elementor-image-box-title\"><a href=\"https:\/\/consultoracip.com\/index.php\/apartamentosenbogota\/\">Venta de apartamento<br>$430,000,000 <\/a><\/h3><p class=\"elementor-image-box-description\">Ubicaci\u00f3n: Bogot\u00e1 D.C.<\/p><\/div><\/div>\t\t<\/div>\n\t\t\t\t<\/div>\n\t\t\t\t<div class=\"elementor-element elementor-element-abb1100 elementor-position-top elementor-widget elementor-widget-image-box\" data-id=\"abb1100\" data-element_type=\"widget\" data-widget_type=\"image-box.default\">\n\t\t\t\t<div class=\"elementor-widget-container\">\n\t\t\t<div class=\"elementor-image-box-wrapper\"><figure class=\"elementor-image-box-img\"><a href=\"https:\/\/consultoracip.com\/index.php\/contact-us%20\" tabindex=\"-1\"><img loading=\"lazy\" decoding=\"async\" width=\"757\" height=\"768\" src=\"https:\/\/consultoracip.com\/wp-content\/uploads\/2023\/09\/WhatsApp-Image-2023-09-11-at-6.23.15-PM.jpeg\" class=\"attachment-full size-full wp-image-1488\" alt=\"Casas en venta\" srcset=\"https:\/\/consultoracip.com\/wp-content\/uploads\/2023\/09\/WhatsApp-Image-2023-09-11-at-6.23.15-PM.jpeg 757w, https:\/\/consultoracip.com\/wp-content\/uploads\/2023\/09\/WhatsApp-Image-2023-09-11-at-6.23.15-PM-600x609.jpeg 600w, https:\/\/consultoracip.com\/wp-content\/uploads\/2023\/09\/WhatsApp-Image-2023-09-11-at-6.23.15-PM-100x100.jpeg 100w\" sizes=\"(max-width: 757px) 100vw, 757px\" \/><\/a><\/figure><div class=\"elementor-image-box-content\"><h3 class=\"elementor-image-box-title\"><a href=\"https:\/\/consultoracip.com\/index.php\/contact-us%20\">Venta de casa <br>$430,000,000 <\/a><\/h3><p class=\"elementor-image-box-description\">Ubicaci\u00f3n: Bogot\u00e1 D.C.<\/p><\/div><\/div>\t\t<\/div>\n\t\t\t\t<\/div>\n\t\t\t\t\t<\/div>\n\t\t<\/div>\n\t\t\t\t\t\t\t<\/div>\n\t\t<\/section>\n\t\t\t\t\t<\/div>\n\t\t<\/div>\n\t\t\t\t\t\t\t<\/div>\n\t\t<\/section>\n\t\t\t\t<section class=\"elementor-section elementor-top-section elementor-element elementor-element-5d24abf elementor-section-boxed elementor-section-height-default elementor-section-height-default\" data-id=\"5d24abf\" data-element_type=\"section\">\n\t\t\t\t\t\t<div class=\"elementor-container elementor-column-gap-default\">\n\t\t\t\t\t<div class=\"elementor-column elementor-col-100 elementor-top-column elementor-element elementor-element-0091834\" data-id=\"0091834\" data-element_type=\"column\">\n\t\t\t<div class=\"elementor-widget-wrap elementor-element-populated\">\n\t\t\t\t\t\t\t\t<div class=\"elementor-element elementor-element-7f49a16 elementor-align-center elementor-button-warning elementor-widget elementor-widget-button\" data-id=\"7f49a16\" data-element_type=\"widget\" data-widget_type=\"button.default\">\n\t\t\t\t<div class=\"elementor-widget-container\">\n\t\t\t\t\t<div class=\"elementor-button-wrapper\">\n\t\t\t<a class=\"elementor-button elementor-button-link elementor-size-xl\" href=\"https:\/\/consultoracip.com\/index.php\/home\/ventas-y-arriendos\/publicar-inmuebles\">\n\t\t\t\t\t\t<span class=\"elementor-button-content-wrapper\">\n\t\t\t\t\t\t<span class=\"elementor-button-text\">PUBLICA TU INMUEBLE CON NOSOTROS<\/span>\n\t\t<\/span>\n\t\t\t\t\t<\/a>\n\t\t<\/div>\n\t\t\t\t<\/div>\n\t\t\t\t<\/div>\n\t\t\t\t\t<\/div>\n\t\t<\/div>\n\t\t\t\t\t\t\t<\/div>\n\t\t<\/section>\n\t\t\t\t\t\t\t<\/div>\n\t\t","protected":false},"excerpt":{"rendered":"<p>Ventas y arriendos Servicios Ventas y arriendos Instagram Venta de casa campestre $1,076,000,000 Ubucaci\u00f3n: El rosal, Cundinamarca Venta de apartamento $320,000,000 Ubucaci\u00f3n: Fusagasug\u00e1, Cundinamarca Venta de apartamento $210,000,000 Ubucaci\u00f3n: Bucaramanga, Santander Venta casa de lujo campestre $2,500,000,000 Ubicaci\u00f3n: Mesa de los Santos, Santander. Venta de apartamento$430,000,000 Ubicaci\u00f3n: Bogot\u00e1 D.C. Venta de casa $430,000,000 Ubicaci\u00f3n: Bogot\u00e1 [&hellip;]<\/p>\n","protected":false},"author":1,"featured_media":0,"parent":55,"menu_order":0,"comment_status":"closed","ping_status":"closed","template":"page-templates\/home.php","meta":{"_uag_custom_page_level_css":"","_mi_skip_tracking":false,"_monsterinsights_sitenote_active":false,"_monsterinsights_sitenote_note":"","_monsterinsights_sitenote_category":0,"footnotes":""},"aioseo_notices":[],"uagb_featured_image_src":{"full":false,"thumbnail":false,"medium":false,"medium_large":false,"large":false,"1536x1536":false,"2048x2048":false,"woocommerce_thumbnail":false,"woocommerce_single":false,"woocommerce_gallery_thumbnail":false},"uagb_author_info":{"display_name":"paginacip@gmail.com","author_link":"https:\/\/consultoracip.com\/index.php\/author\/paginacipgmail-com"},"uagb_comment_info":0,"uagb_excerpt":"Ventas y arriendos Servicios Ventas y arriendos Instagram Venta de casa campestre $1,076,000,000 Ubucaci\u00f3n: El rosal, Cundinamarca Venta de apartamento $320,000,000 Ubucaci\u00f3n: Fusagasug\u00e1, Cundinamarca Venta de apartamento $210,000,000 Ubucaci\u00f3n: Bucaramanga, Santander Venta casa de lujo campestre $2,500,000,000 Ubicaci\u00f3n: Mesa de los Santos, Santander. Venta de apartamento$430,000,000 Ubicaci\u00f3n: Bogot\u00e1 D.C. Venta de casa $430,000,000 Ubicaci\u00f3n: Bogot\u00e1&hellip;","_links":{"self":[{"href":"https:\/\/consultoracip.com\/index.php\/wp-json\/wp\/v2\/pages\/1133"}],"collection":[{"href":"https:\/\/consultoracip.com\/index.php\/wp-json\/wp\/v2\/pages"}],"about":[{"href":"https:\/\/consultoracip.com\/index.php\/wp-json\/wp\/v2\/types\/page"}],"author":[{"embeddable":true,"href":"https:\/\/consultoracip.com\/index.php\/wp-json\/wp\/v2\/users\/1"}],"replies":[{"embeddable":true,"href":"https:\/\/consultoracip.com\/index.php\/wp-json\/wp\/v2\/comments?post=1133"}],"version-history":[{"count":76,"href":"https:\/\/consultoracip.com\/index.php\/wp-json\/wp\/v2\/pages\/1133\/revisions"}],"predecessor-version":[{"id":1673,"href":"https:\/\/consultoracip.com\/index.php\/wp-json\/wp\/v2\/pages\/1133\/revisions\/1673"}],"up":[{"embeddable":true,"href":"https:\/\/consultoracip.com\/index.php\/wp-json\/wp\/v2\/pages\/55"}],"wp:attachment":[{"href":"https:\/\/consultoracip.com\/index.php\/wp-json\/wp\/v2\/media?parent=1133"}],"curies":[{"name":"wp","href":"https:\/\/api.w.org\/{rel}","templated":true}]}}